sor of 313800 and 8200.
200
Calculate the highest common divisor of 4040 and 3632465.
505
Calculate the highest common divisor of 1512 and 17581104.
216
Calculate the highest common divisor of 839893 and 1157.
89
What is the highest common factor of 78 and 169946088?
78
Calculate the greatest common factor of 907110501 and 726.
363
What is the greatest common divisor of 80 and 41963536?
16
What is the highest common factor of 4828 and 2275692?
284
Calculate the highest common factor of 7067145 and 35.
5
Calculate the highest common divisor of 30147392 and 6171.
2057
Calculate the greatest common divisor of 16470 and 84044885.
305
What is the highest common factor of 5 and 6916960?
5
Calculate the greatest common factor of 4245481 and 248.
31
Calculate the highest common factor of 13530 and 15009690.
1230
Calculate the greatest common factor of 21580496 and 1376.
688
Calculate the greatest common divisor of 51 and 341836.
17
Calculate the greatest common divisor of 3937805 and 890.
445
What is the greatest common divisor of 110848 and 943507?
433
Calculate the greatest common factor of 1519160 and 100889.
233
What is the greatest common divisor of 721 and 1887487?
7
Calculate the greatest common factor of 9723 and 2472330.
21
What is the highest common divisor of 42835 and 8041280?
65
Calculate the greatest common divisor of 84907766 and 184.
46
Calculate the highest common divisor of 2826 and 8010454.
314
Calculate the greatest common factor of 480 and 29850400.
160
What is the highest common factor of 1639900 and 986585?
2645
Calculate the highest common factor of 30742 and 437038.
38
Calculate the greatest common factor of 65811382 and 104.
26
What is the highest common divisor of 23 and 14171243?
23
What is the highest common divisor of 333925510 and 4580?
2290
Calculate the highest common factor of 10105906 and 96066.
1186
What is the highest common divisor of 109189538 and 544?
34
Calculate the greatest common divisor of 6670395 and 31.
1
What is the greatest common divisor of 18368 and 2851796?
164
What is the highest common factor of 1314 and 105370098?
438
What is the highest common divisor of 585400 and 100600?
200
What is the greatest common divisor of 742482 and 33734?
334
Calculate the greatest common factor of 40 and 4226270.
10
What is the highest common divisor of 8994 and 136428?
6
What is the highest common factor of 242235 and 9225?
45
What is the greatest common divisor of 60 and 8946030?
30
What is the highest common factor of 48090140 and 13300?
2660
Calculate the highest common divisor of 662 and 982.
2
Calculate the greatest common factor of 23018 and 5225562.
34
Calculate the highest common divisor of 99352 and 438152.
88
Calculate the highest common factor of 71 and 18823804.
71
Calculate the highest common divisor of 2666576 and 6104.
872
Calculate the highest common divisor of 996 and 905741484.
996
Calculate the greatest common factor of 132878792 and 1735.
347
Calculate the highest common factor of 8535980 and 1380.
20
What is the greatest common divisor of 825 and 172492980?
165
What is the highest common divisor of 30256116 and 176?
44
What is the greatest common factor of 21303 and 234891?
9
What is the highest common divisor of 70855 and 13788?
383
Calculate the highest common factor of 2766 and 2756319.
1383
Calculate the greatest common divisor of 4304 and 282768.
16
What is the highest common divisor of 2866 and 4245979?
1433
Calculate the highest common divisor of 2387395 and 51.
17
What is the highest common factor of 37312035 and 32205?
1695
What is the highest common factor of 104536 and 161768?
584
What is the greatest common divisor of 2511 and 835623?
27
Calculate the greatest common factor of 75409 and 3872717.
1033
Calculate the greatest common divisor of 3181 and 24395089.
3181
What is the greatest common divisor of 558 and 3800259?
279
What is the highest common factor of 337244 and 35695?
59
Calculate the highest common factor of 8338 and 275333267.
4169
Calculate the greatest common divisor of 2108 and 615784.
124
What is the greatest common divisor of 34 and 10639586?
34
What is the highest common factor of 119 and 358531649?
119
Calculate the highest common factor of 13424 and 20167043.
839
Calculate the highest common factor of 33181794 and 180.
18
Calculate the highest common factor of 691920 and 7200.
720
What is the highest common factor of 16864 and 9544?
8
What is the highest common divisor of 15992275 and 975?
325
Calculate the highest common divisor of 167886 and 124042882.
6218
What is the highest common factor of 192 and 18071152?
16
What is the highest common divisor of 233644 and 500?
4
What is the greatest common factor of 21718807 and 123?
41
What is the highest common divisor of 49209204 and 660?
132
Calculate the highest common divisor of 12145214 and 5288.
1322
What is the highest common divisor of 38 and 1209147251?
19
What is the highest common factor of 109594640 and 11480?
1640
What is the greatest common divisor of 2775 and 11983125?
75
What is the highest common factor of 1983760 and 180?
20
Calculate the greatest common divisor of 98391492 and 12.
12
What is the highest common divisor of 4424 and 3063928?
56
Calculate the highest common divisor of 1617 and 21297012.
33
Calculate the highest common factor of 4 and 14578.
2
What is the greatest common factor of 5587421 and 2519041?
4949
Calculate the greatest common factor of 255 and 12000861.
51
What is the highest common factor of 23752108 and 32?
4
Calculate the highest common divisor of 118932 and 18685788.
2244
What is the highest common factor of 564 and 6107676?
12
What is the greatest common divisor of 62552 and 399112?
56
Calculate the highest common factor of 4298229 and 12376.
221
Calculate the highest common divisor of 24063 and 1262382.
1851
What is the highest common divisor of 639 and 567077?
71
Calculate the greatest common divisor of 80 and 455996016.
16
What is the highest common factor of 2119 and 145396?
163
What is the greatest common factor of 1331 and 10218087?
1331
What is the highest common factor of 5078164 and 3640?
364
Calculate the highest common divisor of 6036991 and 9.
1
What is the highest common divisor of 5320 and 7065800?
280
Calculate the greatest common factor of 2296 and 712.
8
Calculate the highest common factor of 2800 and 95135600.
2800
What is the greatest common divisor of 715 and 1941839185?
715
What is the greatest common factor of 48020 and 2430?
10
What is the greatest common divisor of 3653455 and 1755?
65
Calculate the highest common factor of 270 and 4336740.
270
Calculate the highest common divisor of 13753666 and 2.
2
Calculate the greatest common factor of 125385596 and 7490.
1498
What is the highest common divisor of 2838353 and 532?
133
What is the greatest common factor of 49975375 and 168675?
4325
What is the greatest common factor of 605 and 34430?
55
What is the highest common factor of 10305190 and 22785?
245
Calculate the highest common factor of 268 and 8173196.
268
Calculate the greatest common factor of 16950 and 2876189.
113
What is the highest common factor of 2984587 and 76126?
2239
What is the highest common divisor of 342 and 1978173?
9
What is the highest common divisor of 11265 and 105965?
5
What is the highest common divisor of 1536967 and 98154?
779
What is the highest common factor of 6643341 and 4248?
531
What is the greatest common factor of 14398317 and 81?
81
What is the greatest common divisor of 2320 and 850160?
80
What is the highest common factor of 14 and 101506930?
14
Calculate the highest common factor of 4114 and 25092.
34
Calculate the greatest common factor of 5413 and 577226081.
5413
What is the greatest common factor of 210 and 607146?
6
What is the greatest common factor of 133823290 and 10?
10
Calculate the greatest common factor of 39676245 and 1155.
105
Calculate the greatest common factor of 345938320 and 364.
364
Calculate the greatest common divisor of 14032 and 46224916.
3508
What is the highest common factor of 11517273 and 207?
207
What is the greatest common factor of 1848 and 151822671?
231
Calculate the greatest common divisor of 1980 and 34208460.
1980
What is the greatest common factor of 5782 and 896?
14
Calcula